
What is (0 + 0 - 0) + (0 - 3)?
-3
Evaluate (0 - -6) + (-2 - 0) + -2.
2
(-5 - -6) + 2 + -5
-2
What is the value of 1 - (4 + 0 + -8)?
5
What is the value of (1 + 3 - -4) + -5?
3
-4 + -6 + -13 + 13
-10
Calculate (9 + -18 - -11) + 5.
7
What is (21 - 2 - 19) + (1 - 3)?
-2
1 - (7 - 1 - 8)
3
-1 - 1 - (1 - 7)
4
8 - (-9 - -19 - 5)
3
-6 + 4 + (-8 - -6) + -3
-7
Calculate 6 + -11 + 4 - (3 - 1).
-3
What is 1 + -2 + -2 + -1 - -1?
-3
What is the value of 0 + 1 - -7 - (-3 - -6)?
5
What is 3 - (0 + 2) - 1?
0
2 + 1 + (-7 - -12)
8
What is 0 - (-5 + -9 + 11)?
3
What is the value of (6 - 7) + 1 + 2 + -3?
-1
Calculate -1 + (-4 - (-4 - 2)) - 9.
-8
Evaluate -4 + -17 + 14 - (1 + -1).
-7
1 + 4 + -2 + 0 - 9
-6
Calculate -2 + -6 + -6 + 8 + -2.
-8
-5 - (-3 - (-2 + (-6 - -8)))
-2
Calculate 12 - (0 - (-4 + 4 + -6)).
6
What is 4 + -2 - (-1 - -3) - -1?
1
What is (-2 - 1) + (1 - (-5 + 7))?
-4
Calculate 4 - (3 - (0 - 3)).
-2
0 + 18 + -11 + -5
2
Calculate -7 - -5 - 4 - (-1 + -1).
-4
What is the value of (1 - 0) + (-11 - -3) + 10?
3
What is the value of (-7 + 5 - 2) + 2?
-2
What is the value of 2 - 2 - (-3 + (4 - 2))?
1
What is the value of -5 - -1 - (0 + -3 + 2)?
-3
Evaluate (1 - -5) + 3 + (5 - 9).
5
-1 - (9 + (5 - 12))
-3
Calculate -48 + 46 + 3 + -10.
-9
Evaluate 0 + -2 + 0 + -1.
-3
Evaluate -1 - (-8 + (-6 + 12 - 2)).
3
What is 4 + (-7 - (1 + 1))?
-5
-1 + (-7 + 8 - 2)
-2
Calculate 2 + (-4 - (-4 + 10)).
-8
What is the value of (113 - 116) + (-5 - 1)?
-9
What is -5 + -2 + -3 - -5?
-5
Evaluate -1 - (2 - (-2 + 2 - -3)).
0
3 - ((-5 + 5 - 1) + -3)
7
What is the value of (0 - -3) + -3 + -3?
-3
What is the value of -7 + -4 + 8 + -2?
-5
-3 + -1 + 6 + -2
0
Evaluate -6 + (0 - -10) + -3.
1
What is the value of (-13 - -16) + 3 + -1 - -4?
9
4 + 0 - 4 - 3
-3
What is -13 + 19 + -3 - (2 - -1)?
0
1 + 6 + -10 - (2 - 1)
-4
3 + -2 + (-4 - 1) + 4
0
11 + (2 - (-5 + 16) - -2)
4
Evaluate (-3 - -3) + (-4 - 1).
-5
-3 + 2 + 2 + (7 - 11)
-3
-6 + 3 - (-6 + 7)
-4
What is the value of 10 + -9 - (-3 - -2)?
2
What is (-6 - -7) + 1 - 2?
0
What is -3 - ((3 + 0 - 0) + -5)?
-1
1 - (-3 + -1 + 2)
3
What is the value of 8 - (-1 + 1 - -3)?
5
Calculate 1 + (16 - 26 - (-1 - 4)).
-4
((0 - 0) + 6 - 7) + -2
-3
Calculate -15 + 0 + 6 + 6.
-3
(-15 - -20) + -2 + (-2 - 0)
1
What is the value of 2 - -4 - 4 - (3 + -2)?
1
What is -46 + 43 - (-4 - (-1 - 0))?
0
-2 + -5 + (12 - (3 - -2))
0
Evaluate -14 + 10 + 6 + (0 - 2).
0
What is the value of -5 - (2 - 2) - -1 - -5?
1
9 - 8 - (1 + -2)
2
Calculate -4 + 8 + -2 + (-4 - -1).
-1
What is 11 - ((4 - -2) + -1 - 0)?
6
-4 - (-9 + 3) - 0 - 4
-2
Evaluate (-5 - -15) + (-8 - -5) + -5.
2
Calculate -5 + 4 + (4 - 5).
-2
Evaluate -1 + -2 + 3 + -1 + -3.
-4
What is the value of 0 + -3 + 4 + -1?
0
Evaluate -4 - (-7 + 4 + 1 - -1).
-3
Calculate 14 + (3 - (-2 + 14)).
5
Calculate 2 + -4 + 4 + -2 - 4.
-4
2 - (6 - (-2 - -1))
-5
Evaluate (12 + -12 - 4) + 1.
-3
What is 6 + -8 + -1 + 0?
-3
What is -1 + 2 + 0 + 1?
2
What is (10 - 25) + 14 + 0 + 0?
-1
What is the value of 6 + -5 + (2 - 3 - 1)?
-1
What is -1 + (0 - -2 - (3 - 6))?
4
What is the value of 3 + 0 + 1 + -1?
3
What is -11 + (9 - -5) + 6?
9
(-2 - -5) + -2 + -2 + -1
-2
Calculate 6 - 4 - (-4 - -10 - 14).
10
Evaluate 0 + -3 + 8 - 8 - 5.
-8
Calculate 2 - 0 - (1 - (2 + -2)).
1
What is 3 - -2 - (1 - -3 - -2)?
-1
What is the value of -6 + 8 - (-2 - -11)?
-7
-7 - -6 - (1 + (-3 - 2))
3
Evaluate (1 - -3) + 2 + -3.
3
What is (-7 + 9 - 0) + -1?
1
-4 - (-28 + 12 - -11)
1
What is the value of 7 + -3 - (-1 - -10)?
-5
What is 1 - -4 - (-17 - -13)?
9
Evaluate -4 + 3 + (0 - -1).
0
2 + (-1 - ((-3 - -6) + 4))
-6
Evaluate -2 + (9 - (2 - -1)).
4
(-4 - -4) + 2 + 7
9
What is the value of 6 - (5 - (8 + (-3 - 3)))?
3
What is -5 - (5 + -10 + 5 + -4)?
-1
Evaluate (5 - (5 - 6)) + -1 + -11.
-6
What is -6 + 1 + (-4 - 7 - -11)?
-5
What is (-5 - (7 - 3)) + 5?
-4
Evaluate (-153 - -154) + -1 + 0.
0
What is the value of -1 - (1 - (9 - 0))?
7
What is the value of 3 + 10 + 2 + -8?
7
What is 17 - 23 - (-3 - 7)?
4
Evaluate (-3 - -1) + 0 + -1 - -3.
0
Evaluate -1 - -9 - (30 + -22).
0
Calculate 4 + (-1 - (-1 - 0)).
4
Evaluate 2 + -7 + 7 - (-1 - -5).
-2
What is -34 - -35 - (-7 + 0)?
8
What is 6 + (-9 - -8) - (4 + -3)?
4
Calculate -36 - -45 - (2 - -2) - 9.
-4
What is 2 - -2 - 6 - -5?
3
-1 + 3 + (-1 - -1)
2
-1 + (-3 - -4) + -2
-2
What is 5 - 5 - (-2 - -1)?
1
What is 0 + 7 + (-49 - -38)?
-4
Evaluate (1 - -1) + -14 + 14.
2
What is the value of (-2 - 1) + -25 + 28?
0
What is 1 + 16 + -4 - (5 - -2)?
6
What is 1 + (-11 - (-1 - 4))?
-5
What is the value of (-22 - -17) + 0 + -2?
-7
Evaluate 0 + -1 + (95 - 100).
-6
Calculate 0 + (0 - (1 - 3)) - 4.
-2
What is 1 - (-3 - (-4 + 8 + -8))?
0
What is the value of (1 - (-3 + -2) - 17) + 6?
-5
2 + (-2 - 1) + -11 + 9
-3
Evaluate 6 - (14 + (-23 - -11)).
4
Evaluate -5 - (15 + -14 + (1 - 6)).
-1
What is the value of 9 - (-3 + 7 + (10 - 10))?
5
Evaluate 1 - 1 - (-57 + 57).
0
Calculate 3 + (-4 + 2 - (0 - 0)).
1
Calculate 2 - (3 + -6 + -2 + 6).
1
What is the value of (2 - (-8 + 12 - -3)) + 6?
1
What is (-9 - -2) + 8 + -2 + 1?
0
Evaluate 8 + -8 + (0 + -2 - 1).
-3
(2 - 1) + (0 - -3)
4
What is the value of 15 + -6 + -2 - 8?
-1
What is -1 + (3 - (-1 + (-3 - -4)))?
2
What is 2 - (5 - 1 - 0)?
-2
What is the value of 6 + (1 - 0 - 9)?
-2
Evaluate 8 + (-6 - 2 - -2).
2
Evaluate (2 - (3 - 2)) + (-9 - -6).
-2
Evaluate (-2 - 0) + 28 + -1 + -21.
4
Evaluate -3 + (1 - -1) + 2.
1
Evaluate -8 - (-11 - -6) - 4.
-7
What is the value of -3 + -4 + 6 + 0?
-1
Calculate (-5 - 1) + (-20 - -40) + -13.
1
(0 - 0) + (6 - (14 + -4))
-4
What is the value of 7 - (0 - (-16 - -9))?
0
What is the value of 1 + 0 - -5 - 5?
1
Calculate 3 - (-1 + 3) - -4.
5
6 + (2 - 5) - (1 - 1)
3
Evaluate -4 + (-4 - (-10 + 3)) + -8.
-9
What is -2 + (-3 - -2 - (12 + -12))?
-3
Evaluate 1 - (0 - (6 + -11)).
-4
(3 - 5) + 5 + -1
2
Evaluate 7 + 0 + 2 + (-7 - -3).
5
Calculate 3 - (-8 - 1) - 5.
7
Evaluate -3 - (-3 - 1) - 3.
-2
Evaluate 1 + 2 + 16 + -20.
-1
Calculate 18 + 4 - 7 - 9.
6
What is the value of -12 - 0 - (18 - (10 + 14))?
-6
What is (-11 - (-6 - 17)) + -1?
11
What is the value of -2 + (-3 - -7) + 3 + -6?
-1
What is (0 - (-2 + 3)) + (9 - 7)?
1
What is the value of (-4 - 4 - -3) + 0?
-5
What is the value of (2 - -1) + (3 - 5)?
1
What is 8 + (7 + -14 - -3) + -3?
1
(-2 - -1) + (-14 - -16)
1
Calculate 5 + -3 - (3 + 1) - 0.
-2
(9 - 5) + (0 + 3 - 2)
5
What is -3 + -1 - 3 - -5?
-2
What is (5 - 0) + -8 + 4 + 4?
5
Calculate (10 - 4 - 1) + -4.
1
What is the value of -2 + (4 - 3) + 3?
2
-1 + (15 - (8 - (-1 - -4)))
9
Evaluate 14 - 20 - (7 + -15).
2
What is -1 + 0 + 2 + -6?
-5
What is 1 + -4 + 3 + 0?
0
What is the value of 0 + 5 + 1 + -3?
3
-1 - (0 - (-4 + 3))
-2
Calculate -4 - (-3 + 1) - 1 - -5.
2
Calculate 2 + (-14 - -11) + (5 - 1).
3
4 + -6 - -2 - -4
4
Evaluate (-1 + 0 - 2) + (-3 - 2).
-8
5 - (4 - (4 + -4))
1
8 + -15 + (24 - 10)
7
Evaluate 3 + 7 + -2 + -11 + 0.
-3
-3 + -2 + 2 + (3 - -3)
3
What is (12 - -3) + (1 - 11)?
5
Calculate 0 + 1 - (78 - 82).
5
Evaluate 86 + -71 - (13 - 1).
3
Evaluate (34 - 33) + -2 + 0 + 0.
-1
Calculate 0 + 8 + (12 - (10 - -8)).
2
What is 0 - (3 - 6 - -2 - 1)?
2
Evaluate (-1 + 1 - -5) + -5 - -5.
5
What is -1 - (5 + (-4 + 1 - 0))?
-3
(6 - 9 - -14) + -9
2
What is the value of -8 + (-2 - 1) + 8?
-3
Evaluate -6 - 5 - -9 - (-1 + 0).
-1
Evaluate -1 - (-1 + 6 - (-1 - -4)).
-3
What is the value of -11 + (16 - 11) + (17 - 1)?
10
1 + 2 + -4 - -4
3
-1 - ((1 - -2) + -6 + -2)
4
What is the value of -5 - (-4 + (-5 - (-15 - -5)))?
-6
Calculate (-6 + 6 - 0) + -4 + 3.
-1
Evaluate -12 + 12 - (4 + -2 + -4).
2
What is 9 - -2 - 12 - (-2 + 8)?
-7
What is 0 - 0 - (7 - (11 - 4))?
0
What is 2 - (-3 - (3 + (-1 - 1)))?
6
Calculate (-125 - -119) + (4 - (-1 + 0)).
-1
29 + -38 - (-1 + -1)
-7
Calculate -5 + (-3 - -14) + -11.
-5
4 + -2 + 5 - (9 - 1)
-1
Calculate 0 - 2 - ((10 - 13) + 10).
-9
What is 33 + -32 + (1 + -1 - -1)?
2
-1 + (-3 - -7) + -3
0
(2 - 6) + 5 + -1
0
What is the value of -2 + 6 - (3 - (1 - -1))?
3
What is (4 - 6) + 2 + (7 - 3)?
4
What is -7 + (3 - -2) - (1 - 2)?
-1
-1 + (-21 - -19) + -1 + -1
-5
Calculate (-5 - (1 + -4)) + 4 + 0.
2
Evaluate (0 - -6) + -1 + 0 + -2.
3
What is the value of -1 - (-18 + 4 + 6)?
7
What is 7 + -13 - (2 + -6)?
-2
Evaluate 2 + (-9 - -2) + 1 + 1.
-3
What is the value of 5 - (-7 - -5) - 5?
2
Evaluate (1